. List the prime factors of b(-3).
3
Suppose 3*d - 6 + 21 = 0. List the prime factors of 22 + (-1 - 1 - d).
5
Let m(j) = -2*j**3 - 10*j**2 + 2*j + 1. List the prime factors of m(-7).
3, 61
Suppose -517 = -5*v + 2*t - 4*t, 0 = 2*v + 4*t - 194. List the prime factors of v.
3, 5, 7
Suppose k - 32 = -k. What are the prime factors of k?
2
Suppose -x = 5*o + 12, -3*o - 3 = -2*o. Suppose x*n = 7*n - 56. List the prime factors of n.
2, 7
Suppose 0*c = 2*c - 6. Suppose -4*k - 4*m + 8 = 0, -3*k + 0*k + 2*m = -6. What are the prime factors of (k/c)/(4/42)?
7
Suppose 8*k = 4*k + 180. Let r = k + -22. Let z = r - 10. What are the prime factors of z?
13
Let w = -32 - -84. List the prime factors of w.
2, 13
Let j be (38/(-95))/(1/5). List the prime factors of 36 + (j - (-1)/1).
5, 7
Let d(u) = u**2 + 9*u + 10. Let s be d(-8). Suppose 0 = 2*x - 4, s*x + 24 - 223 = -5*c. List the prime factors of c.
3, 13
Suppose d + 404 + 262 = 3*x, -5*x = -d - 1108. What are the prime factors of x?
13, 17
Let v = -50 + 169. What are the prime factors of v?
7, 17
Let d(w) = -5 - w**2 - 4*w - 7*w + 3*w**2. What are the prime factors of d(8)?
5, 7
Let f be (10/4)/((-3)/12). Let z = 16 + f. List the prime factors of z.
2, 3
Let d(t) = -t**3 + 6*t**2 - 2*t - 2. Suppose f + 13 = -5*l - 0, 4*f = 4*l + 20. Let i = l - -8. List the prime factors of d(i).
13
Suppose 2*x = -5*o + 68 - 16, 0 = -3*x - 3*o + 60. Let t = -11 + x. List the prime factors of t.
5
Let v(i) = i**3 - 27*i**2 + 32*i + 46. List the prime factors of v(26).
2, 101
Let v(t) = 2*t**3 - 3*t + 3 + 0*t**3 - 6*t**3 + 5*t**2 + 3*t**3. List the prime factors of v(4).
7
Let w(t) = t**2 + 14 + 0*t**2 + 4*t - 4*t. List the prime factors of w(0).
2, 7
Let b be 1/((-3)/(171/3)). Let u = b + 9. What are the prime factors of ((-12)/u)/((-4)/(-10))?
3
Suppose 4*b = 13*b - 306. List the prime factors of b.
2, 17
Let o = 54 - 29. What are the prime factors of o?
5
Suppose 4*o - 5*r - 445 = 0, 0*r - 118 = -o - r. What are the prime factors of o?
5, 23
Let j(i) = -i - 2. Let y be j(5). Let h = -40 - -28. Let w = y - h. List the prime factors of w.
5
Suppose 4*o - 91 = -3*o. What are the prime factors of o?
13
Suppose -8 = -2*g + 18. What are the prime factors of g?
13
Suppose -5*k - 3*q + 641 = 0, k - 3*q = -0*q + 139. Suppose -4*i = x + k, -3*i = 2*i - 4*x + 152. What are the prime factors of (18/8)/((-6)/i)?
2, 3
Suppose 4*s - 128 - 108 = 0. What are the prime factors of s?
59
Let r = 116 + -77. What are the prime factors of r?
3, 13
Suppose 0*c + 2*c - 222 = 0. Let l be c/18 - 2/12. Let o(f) = -f**2 + 6*f + 5. List the prime factors of o(l).
5
Suppose -4*w = 2*a - 142, -38 = 4*w - 5*w - 3*a. Suppose -3*d - o + w = -2*o, -5*o = -5*d + 75. Suppose 5*b + 0 = d. List the prime factors of b.
2
Let s be -2 + -1 - 2*-4. Suppose 0*u - 85 = -s*u. What are the prime factors of u?
17
Suppose -5*n = 4*a - 805, -4*a = -3*a - 4*n - 175. Suppose -6*b + a = -b. List the prime factors of b.
3, 13
Suppose -u = -m + 7, 3*u + m + 0*m = -5. Let b be 3 - (3/u + 1). What are the prime factors of (0 + -6)*(b - 4)?
2, 3
Suppose -60 = -6*d + 3*d. Let r = d - 13. List the prime factors of r.
7
Let i = -21 - -76. What are the prime factors of i?
5, 11
Let q = 14 + -5. List the prime factors of q.
3
Suppose 0 = 2*t - 3*x - 193, 2*t - 2*x + 530 = 7*t. What are the prime factors of t?
2, 13
Suppose 2*d + d - 120 = 5*n, d - 20 = -5*n. Let o = d + -17. List the prime factors of o.
2, 3
Let q(j) = -j**3 - 7*j**2 - 5*j + 8. Let x be q(-6). Suppose -2*h = -3*l + 7, -3 + 1 = -x*l + 4*h. Suppose -r + 24 = l*r. List the prime factors of r.
2, 3
Let u(h) = -h**2 + h. Let l(c) = -3*c**2 + 2*c + 1. Let a(o) = l(o) - u(o). Let d be a(-1). List the prime factors of 75/6 + d/4.
2, 3
Suppose f - 4*d - 52 = -d, 180 = 5*f + 5*d. What are the prime factors of f?
2, 5
Let j(u) = 2*u. Let f be 6/(-1) - -2 - -2. Let s be j(f). List the prime factors of s/(-10) - (-112)/20.
2, 3
Suppose -3*w - x + 5*x + 2 = 0, 0 = 5*w - 4*x + 2. What are the prime factors of (-2 - w)/(-2) + 3?
3
Let i(m) = 2*m**2 - m. Let z be i(-1). Suppose -7*c + z*c - 3*x = -13, -c + 3 = x. Suppose -j = j - c. List the prime factors of j.
2
Let a = -46 - -97. List the prime factors of a.
3, 17
Let l = -9 - 5. Suppose -48 = 4*t + 32. Let m = l - t. What are the prime factors of m?
2, 3
Let j(g) = 15*g**2 + 7*g + 26. Let x(s) = -7*s**2 - 4*s - 13. Let h(d) = -6*j(d) - 13*x(d). What are the prime factors of h(-10)?
13
Suppose 4*n - 10 = 6. Suppose -5*c = -2*c. Let z = n - c. What are the prime factors of z?
2
Let p(b) = b**2 - 9. What are the prime factors of p(10)?
7, 13
What are the prime factors of (-356)/(-5 + (5 - 1))?
2, 89
Let j(u) = -6*u - 6 + u**2 + 0*u**2 + u**2. Let v be j(5). Let w = -7 + v. What are the prime factors of w?
7
Let s = 26 + -17. Suppose -5*h + u = -108, 0 = 5*h + u - 93 - s. What are the prime factors of h?
3, 7
Let j = 17 + 78. What are the prime factors of j?
5, 19
Let r(h) = -5*h - 4. List the prime factors of r(-6).
2, 13
Let m(y) = -27*y - 9. What are the prime factors of m(-5)?
2, 3, 7
What are the prime factors of 1 - (-8)/12*(-2 + 584)?
389
Let d(h) = 10*h - 1. Let i be d(1). Let b = i + -4. Suppose -b*z + z + 44 = 0. List the prime factors of z.
11
Suppose 0*i = 3*i + 4*h - 342, -342 = -3*i + 2*h. List the prime factors of i.
2, 3, 19
Suppose l - 96 = -3*l. Suppose -5*y - 5*i = 0, 4*y - l = 4*i - 2*i. Suppose -y*r - 6 = -3*s - 21, -2*s = -r + 5. What are the prime factors of r?
3
Let l(n) = -n**2 - 4*n + 1. Let t(m) = -3*m + 3. Let w be t(2). What are the prime factors of l(w)?
2
Let o(m) = -7*m + 7 + m**2 + 2*m**2 - 4*m**2. List the prime factors of o(-7).
7
Let p(x) = -x**3 - 9*x**2 - 4*x - 12. Let b be p(-9). Suppose 4*n - 58 = -5*f + 8*n, -2*f = -2*n - b. What are the prime factors of f?
2, 5
Let w = 11 + 7. List the prime factors of w.
2, 3
Let t be (-22)/((-14)/10 + 1). Let w = 43 - 38. What are the prime factors of w/(-2)*(-462)/t?
3, 7
Suppose 3*d - 33 = -3*k, 4*d = -2*k + 3*k + 4. What are the prime factors of k?
2
Let o be (-3 - 2/(-8))*-8. Suppose h - o = -s, 17 = 3*h - 5*s - 57. What are the prime factors of h?
23
Suppose 24 = 5*b + 3*n, -3*b - 4*n + 6 + 4 = 0. Suppose 0 = -0*q - 4*q + 12. Suppose 0 = q*t + 2*v - 31, -2*t + 24 = 4*v - b*v. List the prime factors of t.
11
Let s(m) = -m - 2. Let v(o) = o**3 - o**2 - o + 1. Let q be v(1). Let z be s(q). List the prime factors of (z + 0)*(-22)/4.
11
Let l(h) = h**3 + 4*h**2 - 3*h + 1. List the prime factors of l(-4).
13
Suppose 7 = v - 3*i, 3*v - i + 0 - 5 = 0. Let x = v - -11. List the prime factors of x.
2, 3
Let y = 11 - 7. Suppose 4*q = -5*d + 54, 3*d - 4*d + y*q = -6. What are the prime factors of d?
2, 5
Suppose -2*y + 6 = -0*y. Suppose y = 2*f - 9. List the prime factors of f.
2, 3
Suppose 32 = -2*x + 114. What are the prime factors of x?
41
What are the prime factors of 4/(-2 - 2) - (-203 - 3)?
5, 41
Suppose -5*g = -4*a - 10 - 3, 2*a - 6 = 0. Suppose g = p + 10. What are the prime factors of ((-12)/p)/(2/10)?
2, 3
Let n be (-6)/(-9) - 4/6. Suppose 2*h - 5*h + 225 = 0. Suppose -5*t + h = -n*t. What are the prime factors of t?
3, 5
Suppose 5 - 2 = a. Let l(r) = -r**3 + 2*r**2 + 5*r - 4. Let q be l(a). Suppose 3*i - 4*t - 47 = 0, -i - 4*t = -q*t - 9. What are the prime factors of i?
13
Let t be 2*(4 + -3 + 0). Suppose q - 12 = -5*o - t, 104 = 5*q - 2*o. List the prime factors of q.
2, 5
Let p(q) = -q**3 + 4*q**2 + 6*q. Let y be p(5). Let z = 21 - y. Let f = -10 + z. What are the prime factors of f?
2, 3
Let l(r) = r**2 - 3*r - 4. Let c be l(4). Suppose -4 + c = -o. List the prime factors of o.
2
Let r(m) = 13*m**2 - 5*m + 6. Let t(p) = 7*p**2 - 3*p + 3. Suppose -7*w + 24 = -3*w. Let g(s) = w*r(s) - 11*t(s). List the prime factors of g(-4).
7
Let j = 7 + -4. Let a be (0/j)/(-1) - -18. Suppose 3*c - a = -0. What are the prime factors of c?
2, 3
Suppose 337 - 79 = 3*y. List the prime factors of y.
2, 43
Suppose 0 = 2*y - 5*d - 152, -5*d + 77 = 2*y - 55. Let b = -50 + y. Suppose 4*k - 19 = b. What are the prime factors of k?
2, 5
List the prime factors of (1/1)/(4*3/3828).
11, 29
Let h(r) = r**3 + 3*r**2 - 5*r. Let b be h(-4). Suppose b*i = 5*c + 21, 3*i = -c - i + 15. What are the prime factors of (2 + c - -2) + 1?
2
